{"id":72,"date":"2024-01-09T16:50:53","date_gmt":"2024-01-09T16:50:53","guid":{"rendered":"http:\/\/floens-demo-new.local\/?page_id=72"},"modified":"2026-01-02T18:05:09","modified_gmt":"2026-01-02T18:05:09","slug":"contact","status":"publish","type":"page","link":"https:\/\/vilarenov45.fr\/index.php\/contact\/","title":{"rendered":"Contact"},"content":{"rendered":"\t\t<div data-elementor-type=\"wp-page\" data-elementor-id=\"72\" class=\"elementor elementor-72\">\n\t\t\t\t<div class=\"elementor-element elementor-element-4b42f278 e-con-full e-flex e-con e-parent\" data-id=\"4b42f278\" data-element_type=\"container\">\n\t\t\t\t<div class=\"elementor-element elementor-element-7541ac4a elementor-widget elementor-widget-floens-contact-form\" data-id=\"7541ac4a\" data-element_type=\"widget\" data-widget_type=\"floens-contact-form.default\">\n\t\t\t\t<div class=\"elementor-widget-container\">\n\t\t\t\t\t\t<!-- contact end -->\r\n\t<section class=\"contact-one section-space\">\r\n\t\t<div class=\"contact-one__bg\" style=\"background-image: url(https:\/\/bracketweb.com\/floenswp\/wp-content\/uploads\/2024\/01\/contact-bg-1.png);\"><\/div><!-- \/.contact-one__bg -->\r\n\t\t<div class=\"container\">\r\n\t\t\t<div class=\"row gutter-y-40\">\r\n\t\t\t\t<div class=\"col-lg-6\">\r\n\t\t\t\t\t<div class=\"contact-one__content\">\r\n\t\t\t\t\t\t<div class=\"sec-title sec-title--border\">\r\n\t\t\t\t\t\t\t<h6 class=\"sec-title__tagline\">contact<\/h6><h3 class=\"sec-title__title\">Contactez-nous et <br> Informations<\/h3>\t\t\t\t\t\t<\/div><!-- \/.sec-title -->\r\n\t\t\t\t\t\t<p class=\"contact-one__text\">Notre vision est de fournir des solutions de rev\u00eatement de sol innovantes et ind\u00e9pendantes qui r\u00e9pondent aux besoins des habitations, des industries et des espaces de travail, ainsi que des rev\u00eatements de sol que nous aimerions avoir dans nos propres r\u00e9sidences et espaces de travail.<\/p>\t\t\t\t\t\t<div class=\"contact-one__info wow fadeInUp\" data-wow-duration=\"1500ms\" data-wow-delay=\"00ms\">\r\n\t\t\t\t\t\t\t<div class=\"contact-one__info__bg\" style=\"background-image: url(https:\/\/bracketweb.com\/floenswp\/wp-content\/uploads\/2024\/01\/contact-info-bg.png);\"><\/div><!-- \/.contact-one__info__bg -->\r\n\t\t\t\t\t\t\t<div class=\"contact-one__info__content\">\r\n\t\t\t\t\t\t\t\t\t\t\t\t\t\t\t\t\t<div class=\"contact-one__info__item\">\r\n\t\t\t\t\t\t\t\t\t\t<div class=\"contact-one__info__item__inner\">\r\n\t\t\t\t\t\t\t\t\t\t\t<div class=\"contact-one__info__icon\">\r\n\t\t\t\t\t\t\t\t\t\t\t\t<span aria-hidden=\"true\" class=\"  icon-phone-call\"><\/span>\t\t\t\t\t\t\t\t\t\t\t<\/div><!-- \/.contact-one__info__icon -->\r\n\t\t\t\t\t\t\t\t\t\t\t<p class=\"contact-one__info__text\">\r\n\t\t\t\t\t\t\t\t\t\t\t\t<a href=\"tel:+33769456628\">+33 07 69 45 66 28<\/a>\t\t\t\t\t\t\t\t\t\t\t<\/p><!-- \/.contact-one__info__text -->\r\n\t\t\t\t\t\t\t\t\t\t<\/div><!-- \/.contact-one__info__item__inner -->\r\n\t\t\t\t\t\t\t\t\t<\/div><!-- \/.contact-one__info__item -->\r\n\t\t\t\t\t\t\t\t\t\t\t\t\t\t\t\t\t<div class=\"contact-one__info__item\">\r\n\t\t\t\t\t\t\t\t\t\t<div class=\"contact-one__info__item__inner\">\r\n\t\t\t\t\t\t\t\t\t\t\t<div class=\"contact-one__info__icon\">\r\n\t\t\t\t\t\t\t\t\t\t\t\t<span aria-hidden=\"true\" class=\"   icon-paper-plane\"><\/span>\t\t\t\t\t\t\t\t\t\t\t<\/div><!-- \/.contact-one__info__icon -->\r\n\t\t\t\t\t\t\t\t\t\t\t<p class=\"contact-one__info__text\">\r\n\t\t\t\t\t\t\t\t\t\t\t\t<a href=\"contact@vilarenov45@gmail.com\">contact@vilarenov45.fr<\/a>\t\t\t\t\t\t\t\t\t\t\t<\/p><!-- \/.contact-one__info__text -->\r\n\t\t\t\t\t\t\t\t\t\t<\/div><!-- \/.contact-one__info__item__inner -->\r\n\t\t\t\t\t\t\t\t\t<\/div><!-- \/.contact-one__info__item -->\r\n\t\t\t\t\t\t\t\t\t\t\t\t\t\t\t\t\t<div class=\"contact-one__info__item\">\r\n\t\t\t\t\t\t\t\t\t\t<div class=\"contact-one__info__item__inner\">\r\n\t\t\t\t\t\t\t\t\t\t\t<div class=\"contact-one__info__icon\">\r\n\t\t\t\t\t\t\t\t\t\t\t\t<span aria-hidden=\"true\" class=\"   icon-location\"><\/span>\t\t\t\t\t\t\t\t\t\t\t<\/div><!-- \/.contact-one__info__icon -->\r\n\t\t\t\t\t\t\t\t\t\t\t<p class=\"contact-one__info__text\">\r\n\t\t\t\t\t\t\t\t\t\t\t\t<a href=\"https:\/\/www.google.com\/maps\/@23.506657,90.3443647,7z?entry=ttu\">5 bis Hameau de Rilly, 45190 Rilly<\/a>\t\t\t\t\t\t\t\t\t\t\t<\/p><!-- \/.contact-one__info__text -->\r\n\t\t\t\t\t\t\t\t\t\t<\/div><!-- \/.contact-one__info__item__inner -->\r\n\t\t\t\t\t\t\t\t\t<\/div><!-- \/.contact-one__info__item -->\r\n\t\t\t\t\t\t\t\t\t\t\t\t\t\t\t<\/div><!-- \/.contact-one__info__content -->\r\n\t\t\t\t\t\t\t<img decoding=\"async\" src=\"https:\/\/vilarenov45.fr\/wp-content\/uploads\/2024\/01\/contact-shape-1-1.png\" alt=\"contact-shape-1-1\" title=\"contact-shape-1-1\" class=\"contact-one__info__image\" >\t\t\t\t\t\t<\/div><!-- \/.contact-one__info -->\r\n\t\t\t\t\t<\/div><!-- \/.contact-one__content -->\r\n\t\t\t\t<\/div><!-- \/.col-xl-6 -->\r\n\t\t\t\t<div class=\"col-lg-6\">\r\n\t\t\t\t\t<div class=\"contact-one__form contact-form-validated form-one wow fadeInUp\" data-wow-duration=\"1500ms\" data-wow-delay=\"200ms\">\r\n\t\t\t\t\t\t<div class=\"contact-one__form__bg\" style=\"background-image: url();\"><\/div><!-- \/.contact-one__form__bg -->\r\n\t\t\t\t\t\t<div class=\"contact-one__form__top\">\r\n\t\t\t\t\t\t\t<h2 class=\"contact-one__form__title\">Contactez-nous et b\u00e9n\u00e9ficiez d'une assistance de premier ordre<\/h2>\t\t\t\t\t\t<\/div><!-- \/.contact-one__form__top -->\r\n\t\t\t\t\t\t<div class=\"wpcf7 no-js\" id=\"wpcf7-f10-o1\" lang=\"en-US\" dir=\"ltr\" data-wpcf7-id=\"10\">\n<div class=\"screen-reader-response\"><p role=\"status\" aria-live=\"polite\" aria-atomic=\"true\"><\/p> <ul><\/ul><\/div>\n<form action=\"\/index.php\/wp-json\/wp\/v2\/pages\/72#wpcf7-f10-o1\" method=\"post\" class=\"wpcf7-form init\" aria-label=\"Contact form\" novalidate=\"novalidate\" data-status=\"init\">\n<fieldset class=\"hidden-fields-container\"><input type=\"hidden\" name=\"_wpcf7\" value=\"10\" \/><input type=\"hidden\" name=\"_wpcf7_version\" value=\"6.1.4\" \/><input type=\"hidden\" name=\"_wpcf7_locale\" value=\"en_US\" \/><input type=\"hidden\" name=\"_wpcf7_unit_tag\" value=\"wpcf7-f10-o1\" \/><input type=\"hidden\" name=\"_wpcf7_container_post\" value=\"0\" \/><input type=\"hidden\" name=\"_wpcf7_posted_data_hash\" value=\"\" \/>\n<\/fieldset>\n<label> Your name\n    <span class=\"wpcf7-form-control-wrap\" data-name=\"your-name\"><input size=\"40\" maxlength=\"400\" class=\"wpcf7-form-control wpcf7-text wpcf7-validates-as-required\" aria-required=\"true\" aria-invalid=\"false\" value=\"\" type=\"text\" name=\"your-name\" \/><\/span> <\/label>\n\n<label> Your email\n    <span class=\"wpcf7-form-control-wrap\" data-name=\"your-email\"><input size=\"40\" maxlength=\"400\" class=\"wpcf7-form-control wpcf7-email wpcf7-validates-as-required wpcf7-text wpcf7-validates-as-email\" aria-required=\"true\" aria-invalid=\"false\" value=\"\" type=\"email\" name=\"your-email\" \/><\/span> <\/label>\n\n<label> Sujet\n    <span class=\"wpcf7-form-control-wrap\" data-name=\"your-subject\"><input size=\"40\" maxlength=\"400\" class=\"wpcf7-form-control wpcf7-text wpcf7-validates-as-required\" aria-required=\"true\" aria-invalid=\"false\" value=\"\" type=\"text\" name=\"your-subject\" \/><\/span> <\/label>\n\n<label> Votre message ... (optional)\n    <span class=\"wpcf7-form-control-wrap\" data-name=\"your-message\"><textarea cols=\"40\" rows=\"10\" maxlength=\"2000\" class=\"wpcf7-form-control wpcf7-textarea\" aria-invalid=\"false\" name=\"your-message\"><\/textarea><\/span> <\/label>\n\n<input class=\"wpcf7-form-control wpcf7-submit has-spinner\" type=\"submit\" value=\"Submit\" \/><div class=\"wpcf7-response-output\" aria-hidden=\"true\"><\/div>\n<\/form>\n<\/div>\t\t\t\t\t<\/div>\r\n\t\t\t\t<\/div><!-- \/.col-xl-6 -->\r\n\t\t\t<\/div><!-- \/.row -->\r\n\t\t<\/div><!-- \/.container -->\r\n\t\t\t\t\t\t\t<img decoding=\"async\" src=\"https:\/\/bracketweb.com\/floenswp\/wp-content\/uploads\/2024\/01\/contact-1-2.jpg\" alt=\"WordPress\" class=\"contact-one__image-two wow fadeInRight\" data-wow-duration=\"1500ms\" data-wow-delay=\"00ms\">\r\n\t\t\t<\/section><!-- \/.contact-one section-space -->\r\n\t<!-- contact end -->\r\n\r\n\t\t\t\t<\/div>\n\t\t\t\t<\/div>\n\t\t\t\t<\/div>\n\t\t<div class=\"elementor-element elementor-element-e9f5df7 e-con-full e-flex e-con e-parent\" data-id=\"e9f5df7\" data-element_type=\"container\">\n\t\t\t\t<div class=\"elementor-element elementor-element-540411f elementor-widget elementor-widget-floens-google-maps\" data-id=\"540411f\" data-element_type=\"widget\" data-widget_type=\"floens-google-maps.default\">\n\t\t\t\t<div class=\"elementor-widget-container\">\n\t\t\t\t\t\t\t<!--Google Map Two Start-->\r\n\t<section class=\"contact-map\">\r\n\t\t<div class=\"container-fluid\">\r\n\t\t\t<div class=\"google-map google-map__contact\">\r\n\t\t\t\t<iframe src=\"https:\/\/maps.google.com\/maps?q=beaugency&#038;t=m&#038;z=12&#038;output=embed&#038;iwloc=near\" title=\"beaugency\" class=\"template google map\" aria-label=\"beaugency\" allowfullscreen><\/iframe>\r\n\t\t\t<\/div>\r\n\t\t<\/div>\r\n\t<\/section>\r\n\t<!--Google Map Two End-->\r\n\r\n\t\t\t\t<\/div>\n\t\t\t\t<\/div>\n\t\t\t\t<\/div>\n\t\t\t\t<\/div>\n\t\t","protected":false},"excerpt":{"rendered":"<p>contact Contactez-nous et Informations Notre vision est de fournir des solutions de rev\u00eatement de sol innovantes et ind\u00e9pendantes qui r\u00e9pondent aux besoins des habitations, des industries et des espaces de travail, ainsi que des rev\u00eatements de sol que nous aimerions avoir dans nos propres r\u00e9sidences et espaces de travail. +33 07 69 45 66 28 [&hellip;]<\/p>\n","protected":false},"author":1,"featured_media":0,"parent":0,"menu_order":0,"comment_status":"closed","ping_status":"closed","template":"elementor_header_footer","meta":{"_monsterinsights_skip_tracking":false,"_monsterinsights_sitenote_active":false,"_monsterinsights_sitenote_note":"","_monsterinsights_sitenote_category":0,"footnotes":""},"class_list":["post-72","page","type-page","status-publish","hentry"],"aioseo_notices":[],"_links":{"self":[{"href":"https:\/\/vilarenov45.fr\/index.php\/wp-json\/wp\/v2\/pages\/72","targetHints":{"allow":["GET"]}}],"collection":[{"href":"https:\/\/vilarenov45.fr\/index.php\/wp-json\/wp\/v2\/pages"}],"about":[{"href":"https:\/\/vilarenov45.fr\/index.php\/wp-json\/wp\/v2\/types\/page"}],"author":[{"embeddable":true,"href":"https:\/\/vilarenov45.fr\/index.php\/wp-json\/wp\/v2\/users\/1"}],"replies":[{"embeddable":true,"href":"https:\/\/vilarenov45.fr\/index.php\/wp-json\/wp\/v2\/comments?post=72"}],"version-history":[{"count":7,"href":"https:\/\/vilarenov45.fr\/index.php\/wp-json\/wp\/v2\/pages\/72\/revisions"}],"predecessor-version":[{"id":2311,"href":"https:\/\/vilarenov45.fr\/index.php\/wp-json\/wp\/v2\/pages\/72\/revisions\/2311"}],"wp:attachment":[{"href":"https:\/\/vilarenov45.fr\/index.php\/wp-json\/wp\/v2\/media?parent=72"}],"curies":[{"name":"wp","href":"https:\/\/api.w.org\/{rel}","templated":true}]}}